be u(-7). Let i be (-8)/(-6)*18/f. Suppose -5*b + i*b + 3 = 0. Calculate the remainder when 3 is divided by b.
0
Let p = 600 - 148. Calculate the remainder when p is divided by 24.
20
Suppose -2*q + 64 = q - 4*y, -2*q + y = -46. What is the remainder when 789 is divided by q?
21
Suppose 3*k - 22*v - 156 = -19*v, 233 = 4*k + v. Suppose -30 = -3*q + 3*m, -3*q = -5*m + 8 - 28. What is the remainder when k is divided by q?
12
Let d(v) = -8*v**3 - 6*v**2 + 5*v - 123. Let m(x) = -7*x**3 - 5*x**2 + 4*x - 122. Let f(q) = 4*d(q) - 5*m(q). What is the remainder when f(0) is divided by 24?
22
Let y be 2/7 - (-1054)/(-14). Let s = 147 + y. What is the remainder when s is divided by 19?
15
Suppose 2*d = 5*d - 6. Suppose 0 = -5*v - g + 87, -5*v - d*g + 81 = g. Calculate the remainder when v is divided by 6 - (2/(-3))/(6/45).
7
Let m = -834 + 871. What is the remainder when 86 is divided by m?
12
Let r(b) = -b**3 - 9*b + 49. Let q be r(5). Let s = q + 147. Calculate the remainder when s is divided by 7.
5
What is the remainder when 5/(-25)*5 + 9 is divided by 2?
0
Let v(s) = 5 + 2*s - s**3 - 4*s - 4*s**2 + 4*s. Suppose -5*t + 7*t = 3*o + 19, -5*t = -2*o - 75. Calculate the remainder when v(-6) is divided by t.
14
Let t(u) = 7*u**2 - 2*u - 5. Let m be t(6). Let p = m + -167. What is the remainder when p is divided by 23?
22
Suppose 35 = 5*x + 5. Let h(d) = -d**2 - 12*d + 9. Let u be h(-9). Suppose -4*g + 32 = -u. Calculate the remainder when g is divided by x.
5
Suppose -6*a + 62 + 16 = 0. Suppose q - 21 = -r + 6*r, 2*q - 3*r - 77 = 0. Suppose m + 10 = q. What is the remainder when m is divided by a?
10
Let h = -412 - -416. Calculate the remainder when 18 is divided by h.
2
Let t(p) = -p**3 + 8*p**2 - 8*p - 10. What is the remainder when 78 is divided by t(6)?
8
Suppose 2*d + i - 16 = 0, 5*d - 29 = -5*i + 11. Suppose 4*j - d = 68. Calculate the remainder when 50 is divided by j.
12
Let r = 78 + -69. Calculate the remainder when r is divided by 2 + -2 + -1 + 4.
0
Let a(x) = 27*x**2 - x. Let k be a(5). Suppose -4*f - k = -242. Calculate the remainder when f/(-4) + (-12)/(-48) is divided by 7.
6
Suppose l = -c - 3*l - 6, -4*c = l - 51. Calculate the remainder when c is divided by (3/(-2))/((-1)/6).
5
Suppose 3*d - h - 17 - 29 = 0, 4*h = d - 30. Calculate the remainder when 98 is divided by d.
0
Suppose 20*d = 4*u + 23*d - 144, -2*u + 50 = -4*d. Calculate the remainder when u is divided by 9.
6
Suppose -3*v + 102 = -v. What is the remainder when v is divided by (3 - (-7)/2)*(8 - 6)?
12
Let v = -142 - -148. Calculate the remainder when 14 is divided by v.
2
Suppose h + 159 - 13 = 3*q, 134 = 3*q - 4*h. Let z = -4706 + 4855. What is the remainder when z is divided by q?
49
Let k(t) = t**2 + 17*t + 52. Suppose 18*y + 153 = -135. Suppose 0 = 4*i - 2*i - 42. Calculate the remainder when k(y) is divided by i.
15
Let q = -7 + 11. Suppose 0 = -q*d + 3*d + 22. Suppose 3*f - 13 = -5*p + d, 0 = -p + 4*f - 16. Calculate the remainder when 14 is divided by p.
2
Let p(m) = -m**3 - 5*m**2 + 3*m + 1. Let l be p(-6). Suppose -4*t = 2*w - 26, -w - 3*t + l = 7. Calculate the remainder when 71 is divided by w.
11
Let d(u) = -u**3 - 30*u**2 - u - 5. What is the remainder when 122 is divided by d(-30)?
22
Let z(v) = 2*v**3 - 9*v**2 - 4*v + 14. Calculate the remainder when 148 is divided by z(5).
15
Let w = -221 + 347. Suppose -w = -9*c + 108. Let j = c - 14. Calculate the remainder when 69 is divided by j.
9
Let i(j) = 207*j - 1. Let p be i(1). Suppose 5*n - p = 484. Suppose 4*q = -22 + n. Calculate the remainder when 56 is divided by q.
27
Let n(s) = 4*s**2 - 13*s - 13. Let b(q) = -11*q**2 + 38*q + 38. Let o(g) = 3*b(g) + 8*n(g). Let k = -3 - -7. What is the remainder when o(10) is divided by k?
2
Let i(h) = h + 129. Calculate the remainder when i(13) is divided by 67.
8
Suppose 16 = -2*t - 3*b + b, b = 3*t + 40. Let n = t + 8. Calculate the remainder when 31 is divided by (n + 3)/1*-11.
9
Let f be (3 - 2 - 2)*(-279 - -3). Suppose -756 = -12*d - f. What is the remainder when 159 is divided by d?
39
Let b be 0*1/(5/(-5)). Suppose 3*c + 3 = 0, b = z + c - 45 + 3. What is the remainder when z is divided by 9?
7
Let q(l) = 4*l**2 - l + 1. Calculate the remainder when (-213)/(-9) + (5/(-3) - -1) is divided by q(1).
3
Let s(w) = -77*w - 367. What is the remainder when (-58)/(-2*(-2)/(-2)) is divided by s(-5)?
11
Let d(j) = -j**3 + 9*j**2 - 3*j - 2. Calculate the remainder when d(8) is divided by (-102)/(-5) - (-3)/(60/(-8)).
18
Suppose 5*k + 3*t = 29 + 7, -k - t = -6. Let j = k + -51. Let f = j + 68. What is the remainder when f is divided by 9?
8
Let x = -66 - -98. Let z = x - 15. Suppose 0 = -r - 4*r + 325. Calculate the remainder when r is divided by z.
14
Let x be ((-15)/(-18))/((-4)/(-24)). Let p = x - -5. Calculate the remainder when 29 is divided by p.
9
Suppose v = -3*v + 8. Suppose -4*p + v*p = -5*u + 132, u = 4*p + 12. Let o(s) = -s**3 - 3*s**2 - 1. Calculate the remainder when u is divided by o(-4).
13
Suppose 0 = -4*k + 8*k - 200. Calculate the remainder when 2/(-5) + 2270/k is divided by 16.
13
Suppose -4*r = -4, 0 = 5*c - r - 2*r + 113. Let g = 32 + c. Let i(a) = -a. What is the remainder when g is divided by i(-3)?
1
Let m = 84 + -49. What is the remainder when 66 is divided by m?
31
Let f = -29 + 154. Suppose 32 = g - 0*g. What is the remainder when f is divided by g?
29
Let w = -335 + 389. Calculate the remainder when w is divided by 36.
18
Calculate the remainder when 112 is divided by ((-339)/1130)/((-2)/60).
4
Let h(v) = v**3 + 3*v**2 - v. Let c be h(-3). Suppose -t - 66 = -c*t. Calculate the remainder when t is divided by 9.
6
Suppose -5*g + 196 = 3*l + l, 5*g = -20. Suppose 3*n + 3*r = 48, -n = -4*r - 1 - 5. What is the remainder when l is divided by n?
12
Suppose l = -f + 55, -3*f - 3*l - 2*l = -173. Calculate the remainder when 185 is divided by f.
32
Let m(x) = -3*x - 10. Calculate the remainder when m(-17) is divided by 13.
2
Let r(n) = 12*n + 4. Calculate the remainder when r(4) is divided by (-66)/(-8) - (-2)/(-8).
4
Let v = -29 + 32. Suppose v*u - 5*x = 89, 75 + 66 = 5*u - x. What is the remainder when u is divided by 10/8*4*3?
13
Let g(r) = -r**3 + 6*r**2 + 23*r - 17. Calculate the remainder when g(7) is divided by 14.
11
Let v = -81 - -97. Let o be (-2)/((-16)/(-12))*-2. Suppose 22 - 160 = -o*w. What is the remainder when w is divided by v?
14
Suppose 3*x = -3*g + 9, 0 = -5*g + 5*x + 2 + 3. Let u be (-6)/(-5)*(-20)/6. Calculate the remainder when 66 is divided by (u + g)/(2/(-23)).
20
Let s(u) = u**2 - 19*u + 36. Calculate the remainder when 26 is divided by s(18).
8
Let l be (-3)/18 - (-22)/(-12). Let x(o) = -o**2 - 7*o + 2. Calculate the remainder when x(-5) is divided by (2 + l - 1) + 6.
2
Let b = 1027 - 1019. What is the remainder when 959 is divided by b?
7
Suppose 20*o = 1061 + 739. Calculate the remainder when 269 is divided by o.
89
Suppose 3*r + 47 = -5*j - 26, 4*j = -r - 57. Let x = j - -21. What is the remainder when (-23 - 4)*(2 + -3) is divided by x?
6
Let r(m) = 2*m**2 - 13*m - 18. Calculate the remainder when 17 is divided by r(8).
5
Let n(j) = 10*j - 37. Let u be n(6). Suppose 96 = 27*w - u*w. What is the remainder when 119 is divided by w?
23
Suppose q - 26 = -3*t, 2*q = -39*t + 36*t + 64. Calculate the remainder when q is divided by 7.
3
Let g = -6 - -16. Let i = 60 + -38. Suppose -4*f - 2 = -i, -f - 19 = -4*t. Calculate the remainder when g is divided by t.
4
Suppose 5*u - 5*f - 35 = 0, 6 = -2*u + 20*f - 22*f. Suppose 0 = -2*v - 5*l - 42, 7 + 12 = -v - 2*l. What is the remainder when -3 - (v - 3)/2 is divided by u?
0
Let f(y) = -y**3 + 19*y**2 + 19*y + 42. Let t = -6 - -10. Suppose t*h = 53 + 295. Calculate the remainder when h is divided by f(20).
21
Suppose 10*u = -25*u + 17290. Calculate the remainder when u is divided by 71.
68
Let b(t) = -t**2 - 28*t - 156. Let l be -3 + (-2 - -1) - 2. Let q(i) = -i**3 - 6*i**2 - 3*i - 7. What is the remainder when q(l) is divided by b(-8)?
3
Suppose 22 - 6 = 4*q. What is the remainder when (-4 - 13/(-2))*q is divided by 5?
0
Let s = 49 + -44. Suppose 0 = -2*p + x + 50, -4*p - 4*x - 18 = -5*p. Let q = p - s. What is the remainder when q is divided by 6?
3
Let x(j) = j**2 + 10*j - 5. Let m be x(-10)